nder when 1178742 is divided by 868?
866
Calculate the remainder when 3024 is divided by 3005.
19
Calculate the remainder when 2859 is divided by 2668.
191
What is the remainder when 152372 is divided by 265?
262
Calculate the remainder when 4538 is divided by 252.
2
Calculate the remainder when 25652 is divided by 247.
211
Calculate the remainder when 113759 is divided by 910.
9
Calculate the remainder when 1651 is divided by 168.
139
What is the remainder when 10602 is divided by 5289?
24
Calculate the remainder when 459 is divided by 76.
3
Calculate the remainder when 1020424 is divided by 17.
16
What is the remainder when 10802 is divided by 771?
8
Calculate the remainder when 1799 is divided by 287.
77
Calculate the remainder when 15165 is divided by 240.
45
What is the remainder when 67297 is divided by 1602?
13
What is the remainder when 3946 is divided by 141?
139
Calculate the remainder when 19185 is divided by 3392.
2225
What is the remainder when 476 is divided by 321?
155
Calculate the remainder when 14378 is divided by 73.
70
What is the remainder when 22527 is divided by 115?
102
Calculate the remainder when 1201 is divided by 310.
271
Calculate the remainder when 8358 is divided by 55.
53
Calculate the remainder when 12572 is divided by 3122.
84
Calculate the remainder when 3908 is divided by 86.
38
What is the remainder when 7090 is divided by 886?
2
Calculate the remainder when 30494 is divided by 26.
22
What is the remainder when 3752 is divided by 3596?
156
What is the remainder when 35529 is divided by 11750?
279
What is the remainder when 26441 is divided by 696?
689
What is the remainder when 9710 is divided by 791?
218
What is the remainder when 35679 is divided by 50?
29
What is the remainder when 14843 is divided by 356?
247
Calculate the remainder when 2850 is divided by 43.
12
What is the remainder when 170467 is divided by 1079?
1064
What is the remainder when 17303 is divided by 189?
104
What is the remainder when 38526 is divided by 6?
0
What is the remainder when 145696 is divided by 48562?
10
Calculate the remainder when 117359 is divided by 52.
47
Calculate the remainder when 57563 is divided by 175.
163
What is the remainder when 169414 is divided by 2?
0
Calculate the remainder when 4118 is divided by 109.
85
Calculate the remainder when 10456 is divided by 703.
614
What is the remainder when 21997 is divided by 2735?
117
What is the remainder when 9818 is divided by 140?
18
Calculate the remainder when 60925 is divided by 376.
13
What is the remainder when 36324 is divided by 2791?
41
Calculate the remainder when 490186 is divided by 122544.
10
Calculate the remainder when 3332 is divided by 19.
7
Calculate the remainder when 130287 is divided by 7.
3
What is the remainder when 9483 is divided by 53?
49
What is the remainder when 1271 is divided by 42?
11
What is the remainder when 1750 is divided by 217?
14
What is the remainder when 2285 is divided by 2253?
32
What is the remainder when 9138 is divided by 316?
290
Calculate the remainder when 39071 is divided by 257.
7
Calculate the remainder when 189 is divided by 74.
41
What is the remainder when 680991 is divided by 104?
103
What is the remainder when 97279 is divided by 19?
18
What is the remainder when 2867 is divided by 1063?
741
What is the remainder when 103568 is divided by 959?
955
What is the remainder when 64945 is divided by 1120?
1105
Calculate the remainder when 6052 is divided by 859.
39
Calculate the remainder when 36713 is divided by 1791.
893
What is the remainder when 289 is divided by 67?
21
Calculate the remainder when 21301 is divided by 144.
133
Calculate the remainder when 1381 is divided by 199.
187
What is the remainder when 6676 is divided by 952?
12
Calculate the remainder when 2279 is divided by 730.
89
What is the remainder when 1924 is divided by 274?
6
What is the remainder when 8827 is divided by 1365?
637
Calculate the remainder when 46629 is divided by 27.
0
What is the remainder when 4262 is divided by 2548?
1714
Calculate the remainder when 106668 is divided by 106640.
28
What is the remainder when 819284 is divided by 29?
5
Calculate the remainder when 636786 is divided by 212258.
12
What is the remainder when 5055544 is divided by 487?
484
Calculate the remainder when 2703 is divided by 289.
102
What is the remainder when 5270 is divided by 44?
34
What is the remainder when 4763 is divided by 1666?
1431
Calculate the remainder when 9341 is divided by 1934.
1605
What is the remainder when 1659 is divided by 1565?
94
Calculate the remainder when 467931 is divided by 293.
10
What is the remainder when 37842 is divided by 1113?
0
What is the remainder when 4844 is divided by 1204?
28
Calculate the remainder when 386691 is divided by 279.
276
Calculate the remainder when 8952 is divided by 56.
48
What is the remainder when 11089 is divided by 5542?
5
What is the remainder when 14543 is divided by 130?
113
What is the remainder when 2006942 is divided by 145?
142
What is the remainder when 200505 is divided by 91?
32
Calculate the remainder when 117776 is divided by 604.
600
What is the remainder when 22639 is divided by 351?
175
What is the remainder when 2007 is divided by 991?
25
What is the remainder when 69003 is divided by 651?
648
What is the remainder when 1288 is divided by 205?
58
Calculate the remainder when 22589 is divided by 32.
29
What is the remainder when 290 is divided by 258?
32
What is the remainder when 3583 is divided by 971?
670
Calculate the remainder when 15257 is divided by 646.
399
What is the remainder when 178302 is divided by 114?
6
Calculate the remainder when 5490 is divided by 2141.
1208
Calculate the remainder when 45493 is divided by 9.
7
Calculate the remainder when 7229 is divided by 269.
235
Calculate the remainder when 6845 is divided by 3200.
445
What is the remainder when 136237 is divided by 68110?
17
What is the remainder when 32556 is divided by 11?
7
Calculate the remainder when 329 is divided by 163.
3
Calculate the remainder when 738119 is divided by 20.
19
Calculate the remainder when 28964 is divided by 9648.
20
Calculate the remainder when 3550 is divided by 1587.
376
Calculate the remainder when 103284 is divided by 68.
60
Calculate the remainder when 54698 is divided by 43.
2
Calculate the remainder when 357101 is divided by 4.
1
What is the remainder when 96175 is divided by 6?
1
What is the remainder when 423929 is divided by 141293?
50
Calculate the remainder when 27905 is divided by 141.
128
Calculate the remainder when 989 is divided by 5.
4
What is the remainder when 129842 is divided by 25?
17
Calculate the remainder when 11760 is divided by 195.
60
What is the remainder when 213281 is divided by 31?
1
Calculate the remainder when 15028 is divided by 15.
13
Calculate the remainder when 42497 is divided by 18.
17
What is the remainder when 10646 is divided by 14?
6
Calculate the remainder when 15307 is divided by 269.
243
Calculate the remainder when 7347 is divided by 261.
39
What is the remainder when 5411 is divided by 1352?
3
What is the remainder when 4344 is divided by 270?
24
Calculate the remainder when 389512 is divided by 2802.
34
Calculate the remainder when 9782 is divided by 2404.
166
What is the remainder when 63430 is divided by 4?
2
Calculate the remainder when 56410 is divided by 19.
18
Calculate the remainder when 23080 is divided by 1775.
5
Calculate the remainder when 8946 is divided by 2982.
0
Calculate the remainder when 104927 is divided by 34874.
305
What is the remainder when 77033 is divided by 155?
153
What is the remainder when 414 is divided by 336?
78
Calculate the remainder when 7308 is divided by 431.
412
Calculate the remainder when 2119 is divided by 112.
103
What is the remainder when 331725 is divided by 94?
93
What is the remainder when 49260 is divided by 2238?
24
Calculate the remainder when 415 is divided by 83.
0
Calculate the remainder when 10036774 is divided by 83.
82
What is the remainder when 41876 is divided by 10?
6
What is the remainder when 4102 is divided by 4027?
75
Calculate the remainder when 17350 is divided by 294.
4
What is the remainder when 3534 is divided by 1766?
2
What is the remainder when 42278 is 